9d (base 16) to base 12.
-9339
-20b1 (base 15) to base 14
-2740
Convert 294 (base 10) to base 7.
600
Convert 3007 (base 13) to base 11.
4a59
Convert -1046 (base 7) to base 11.
-313
-49b (base 12) to base 4
-22313
Convert -6d3 (base 14) to base 8.
-2521
What is 944c (base 16) in base 7?
215453
What is 6418 (base 16) in base 9?
38131
What is 19a (base 14) in base 6?
1312
1000130 (base 4) to base 14
1708
Convert -101001011010000 (base 2) to base 9.
-32065
Convert 417a (base 13) to base 16.
2362
Convert 397 (base 10) to base 9.
481
Convert -1122000211 (base 3) to base 4.
-13311202
What is 37 (base 12) in base 14?
31
-a75 (base 12) to base 11
-1170
Convert 7754 (base 8) to base 16.
fec
What is a739 (base 12) in base 11?
12857
Convert -10243 (base 11) to base 14.
-5626
Convert -24b7 (base 14) to base 12.
-3881
What is 605 (base 8) in base 16?
185
What is -34411 (base 5) in base 11?
-1956
23c2 (base 14) to base 13
2ac6
What is 43012 (base 5) in base 11?
2190
537 (base 10) to base 5
4122
Convert -31030 (base 4) to base 11.
-6a8
Convert -1211011 (base 3) to base 2.
-10100101111
Convert -226aa (base 11) to base 5.
-2022130
Convert -20505 (base 6) to base 14.
-1025
-14 (base 5) to base 10
-9
What is 313003 (base 4) in base 7?
13162
3c77 (base 15) to base 12
75a1
-62 (base 9) to base 12
-48
What is -1aa (base 13) in base 5?
-2214
a3 (base 12) to base 5
443
What is c63 (base 15) in base 6?
20533
Convert -240203 (base 7) to base 15.
-cc7e
7097 (base 10) to base 9
10655
Convert 3127a (base 12) to base 9.
107204
Convert -45a2 (base 11) to base 13.
-2999
Convert -1770 (base 12) to base 13.
-138c
-a941 (base 12) to base 2
-100100011000001
Convert 11022021 (base 3) to base 7.
12103
134205 (base 6) to base 2
11000100111101
Convert -323322 (base 4) to base 7.
-14115
What is -a4d6 (base 15) in base 2?
-1000100000100011
Convert 12015 (base 6) to base 5.
23424
What is 22405 (base 6) in base 3?
11100112
-111011110110 (base 2) to base 11
-2972
What is 13412 (base 5) in base 9?
1460
Convert 9b (base 15) to base 5.
1041
What is 41141 (base 6) in base 7?
21631
8897 (base 12) to base 7
61666
Convert 39c (base 14) to base 5.
10401
Convert -16234 (base 10) to base 9.
-24237
Convert 100010100010101 (base 2) to base 8.
42425
Convert 130121 (base 4) to base 8.
3431
-116 (base 8) to base 6
-210
Convert -9609 (base 12) to base 5.
-1011200
What is -1110323 (base 4) in base 7?
-21563
What is -1121102 (base 3) in base 11?
-976
Convert 44140 (base 6) to base 2.
1011111011100
What is -575 (base 13) in base 4?
-32231
What is -1011100011 (base 3) in base 7?
-123415
What is -13a (base 15) in base 5?
-2110
10010101100 (base 2) to base 6
5312
Convert 62b (base 12) to base 10.
899
What is 2d61 (base 15) in base 14?
37b8
Convert -30688 (base 9) to base 4.
-10330121
1122112 (base 3) to base 8
2262
282 (base 14) to base 2
111111010
Convert -690 (base 15) to base 3.
-2001000
-1601 (base 10) to base 11
-1226
-1010001001100 (base 2) to base 4
-1101030
Convert 12206 (base 8) to base 13.
2512
Convert -1011111100110 (base 2) to base 7.
-23560
-211121 (base 3) to base 5
-4420
130420 (base 6) to base 13
54c3
What is 1001101010110001 (base 2) in base 4?
21222301
What is 1295 (base 10) in base 8?
2417
Convert -4326 (base 13) to base 10.
-9327
What is -6615 (base 10) in base 4?
-1213113
What is -4a471 (base 11) in base 16?
-11af4
-3513 (base 6) to base 11
-6a1
Convert 2321333 (base 4) to base 11.
8a41
10110100101 (base 2) to base 16
5a5
-26 (base 15) to base 11
-33
What is -2505 (base 7) in base 8?
-1650
What is -210 (base 5) in base 16?
-37
Convert -112 (base 7) to base 10.
-58
21436 (base 7) to base 15
18cd
Convert -121011010 (base 3) to base 4.
-2313333
What is 1011100101 (base 2) in base 3?
1000110
What is -27332 (base 8) in base 7?
-46653
Convert 2126 (base 7) to base 14.
3bd
-10320 (base 5) to base 7
-2033
Convert -16212 (base 9) to base 7.
-44246
Convert 4dcb (base 14) to base 11.
a328
Convert -12434 (base 7) to base 2.
-110011101100
What is 7a61 (base 11) in base 16?
2962
Convert 110010011000 (base 2) to base 8.
6230
Convert 2002211021 (base 3) to base 13.
15b17
Convert -20133 (base 4) to base 6.
-2303
24b4 (base 13) to base 3
21011020
Convert 11101100110110 (base 2) to base 3.
202210102
What is 52d (base 15) in base 4?
102100
189 (base 11) to base 4
3122
-412 (base 7) to base 6
-541
-173145 (base 8) to base 5
-4004302
Convert -496 (base 10) to base 12.
-354
What is 3602 (base 7) in base 5?
20300
Convert -11202 (base 4) to base 5.
-2404
What is -222222110 (base 3) in base 13?
-8c4c
Convert -409 (base 10) to base 16.
-199
-7622 (base 9) to base 6
-41545
7447 (base 12) to base 2
11000110110111
Convert 2041 (base 6) to base 8.
711
Convert 1101110011 (base 3) to base 5.
1333201
Convert -177447 (base 8) to base 14.
-19b39
Convert -2145 (base 6) to base 16.
-1f1
Convert -2db (base 16) to base 5.
-10411
5222 (base 10) to base 2
1010001100110
57755 (base 8) to base 15
7422
What is 254 (base 6) in base 9?
127
Convert 331243 (base 6) to base 13.
c6ba
What is -122805 (base 9) in base 4?
-102020222
What is -1403 (base 7) in base 8?
-1036
-141 (base 13) to base 6
-1010
Convert 34011 (base 6) to base 11.
3637
What is 2000001 (base 3) in base 16?
5b3
What is 251 (base 15) in base 7?
1351
What is -16 (base 10) in base 14?
-12
-100111 (base 7) to base 15
-4ee4
Convert 9ab (base 16) to base 6.
15243
-21233 (base 4) to base 3
-212002
What is 15b78 (base 12) in base 9?
46532
9399 (base 15) to base 16
79da
What is -204230 (base 5) in base 10?
-6815
-1225 (base 8) to base 14
-353
What is 111000111111010 (base 2) in base 6?
343030
Convert -13330 (base 6) to base 2.
-100000010110
3030203 (base 4) to base 11
9921
-323000 (base 4) to base 6
-25252
21421 (base 6) to base 13
1471
Convert 420410 (base 5) to base 4.
3120133
What is -35612 (base 7) in base 11?
-6a23
Convert 23b5 (base 15) to base 11.
5785
101122002 (base 3) to base 8
17107
a (base 12) to base 10
10
331 (base 7) to base 9
207
Convert 9897 (base 11) to base 13.
5c31
What is 13214 (base 6) in base 12?
120a
-1223 (base 5) to base 16
-bc
83 (base 16) to base 5
1011
Convert -254044 (base 6) to base 11.
-16250
What is -26a (base 11) in base 3?
-102210
213 (base 10) to base 11
184
Convert -304 (base 5) to base 9.
-87
Convert 1320 (base 9) to base 3.
1100200
-2425 (base 6) to base 15
-298
3031 (base 7) to base 13
62b
What is 41 (base 10) in base 12?
35
Convert 2 (base 16) to base 2.
10
What is 23633 (base 8) in base 6?
114535
What is -5b4 (base 12) in base 3?
-1011201
-12177 (base 8) to base 10
-5247
1074 (base 10) to base 4
100302
6b7c (base 14) to base 11
13088
3043 (base 7) to base 12
744
-340003 (base 5) to base 6
-130554
-10120222 (base 3) to base 15
-b98
What is -1299 (base 15) in base 14?
-1637
Convert -111100220 (base 3) to base 13.
-4587
What is -20224 (base 10) in base 5?
-1121344
-1fd (base 16) to base 10
-509
923d (base 14) to base 5
1301033
What is -21560 (base 7) in base 8?
-12470
-409 (base 14) to base 2
-1100011001
-1233121 (base 4) to base 9
-10701
Convert -111131 (base 4) to base 16.
-55d
What is -102231 (base 4) in base 14?
-617
Convert 1032 (base 7) to base 3.
111120
-1069a (base 13) to base 10
-29702
What is -3873 (base 9) in base 16?
-b55
What is 23131 (base 5) in base 14?
870
304 (base 7) to base 11
128
What is -5b83 (base 13) in base 14?
-4a11
2277 (base 8) to base 7
3354
103330 (base 4) to base 9
1667
13104 (base 6) to base 2
11111000000
4722 (base 12) to base 8
17412
-222400 (base 5) to base 3
-101202202
Convert 40211 (base 5) to base 16.
9fc
25425 (base 6) to base 16
ef9
1000001101100110 (base 2) to base 8
101546
Convert 205 (base 8) to base 11.
111
Convert -1201104 (base 5) to base 14.
-8057
Convert 184a (base 12) to base 5.
43223
Convert -2132 (base 6) to base 8.
-750
Convert 11023120 (base 4) to base 8.
51330
What is -1078a (base 11) in base 16?
-3ce2
What is -105352 (base 6) in base 15?
-29eb
Convert -265 (base 8) to base 2.
-10110101
Convert -1101000011110 (base 2) to base 9.
-10148
What is 103a2 (base 15) in base 14?
14a72
-aa8 (base 16) to base 7
-10645
Convert -362064 (base 7) to base 15.
-14659
-4430 (base 5) to base 4
-21213
Convert 40be (base 15) to base 7.
54611
-6989 (base 11) to base 10
-9172
-1871 (base 10) to base 4
-1310